- o + 31. Let b be c(15). Suppose y + 43 = 4*k, y - 3*y = -k + b. Calculate the highest common factor of 20 and k.
10
Let c(r) = 25*r**2 + r. Let w be c(-1). Let l be -4 - (-15)/(-5*(-6)/20). What is the highest common divisor of l and w?
6
Let o(r) = 2 - 5*r**2 - 10*r**3 + 14*r - 16*r + r**2 + r**2. Let d be o(-1). Calculate the highest common divisor of d and 11.
11
Let m = 4 + -2. Suppose -6 = m*h - 5*h. Let z be -1*(h - 1) - -34. Calculate the highest common divisor of z and 3.
3
Let o(u) = u**2 - 16. Let w be o(0). Let a = w + 21. Suppose 0 = -3*h - 2*s + 21 + 10, a*s - 28 = -3*h. Calculate the greatest common factor of 11 and h.
11
Let d be ((-3)/(-4))/(2/144). Let v(s) = -5*s - s**3 + 5*s - 2*s + 2*s**2 - 8 - 15*s**2. Let j be v(-13). Calculate the highest common divisor of j and d.
18
Suppose 4*i - 115 = -i. Let t = -10 + i. Calculate the greatest common divisor of 26 and t.
13
Suppose 64196 = 59*p - 13861. What is the highest common divisor of p and 27?
27
Let q(o) = -o**2 - 131*o + 406. Let d be q(3). Let s(p) = -p**3 + 6*p**2 - p + 4. Let h be s(4). What is the highest common divisor of h and d?
4
Let a be 437 - (-4 - 4)/2. Let l = a - -111. Suppose -5*s - 2*r = -707, -2*s = 2*s + 5*r - l. Calculate the highest common factor of s and 13.
13
Let z(q) = 12*q + 630. Let f be z(-51). Let c(a) = a**2 + 4*a - 2. Let y be c(-5). What is the greatest common factor of f and y?
3
Let z = 49 + -37. Suppose z = 5*l - 48. Calculate the highest common factor of 18 and l.
6
Let g be 1 + 12 - 3/1. Let m be (-2)/4 + 5/g. Suppose -3*j - 10 + 82 = m. Calculate the highest common factor of j and 16.
8
Let z be (-5 - -3 - 2) + (4 - -126). Calculate the greatest common divisor of 18 and z.
18
Let o(s) = s**3 + 7*s**2 - 5*s - 12. Let a be o(-4). Suppose h - 21 = -2*h. Calculate the highest common divisor of h and a.
7
Let f(j) = j + 22. Let w = 20 + -32. Let d be f(w). Calculate the highest common factor of d and 90.
10
Let p(l) = 6*l + 6. Let z be p(4). Calculate the greatest common divisor of z and 60.
30
Let p = 342 - 324. Calculate the highest common factor of p and 96.
6
Let c = -387 + 450. Calculate the highest common factor of c and 12.
3
Let o = -30 - -62. Let y = o - 18. Suppose -6 - 4 = -5*u. What is the highest common divisor of y and u?
2
Let t = 1167 - 1092. Calculate the highest common divisor of t and 420.
15
Suppose 13*p = 6*p - 315. Let w = p + 46. Let l = 0 - -2. What is the highest common divisor of w and l?
1
Let v(b) be the first derivative of -b**4/4 - 2*b**3/3 - b**2/2 + 26*b + 12. Let c be v(0). Calculate the greatest common divisor of c and 208.
26
Suppose -10*i - 98 = -2*g - 9*i, 236 = 5*g + 2*i. Calculate the highest common factor of 112 and g.
16
Let g(c) = c + 6. Let i be g(-9). Let o be 1/i - (-2)/6. Suppose s - 4*s + 66 = o. Calculate the highest common divisor of 2 and s.
2
Suppose -t + 618 = 2*v + v, 1038 = 5*v - t. Suppose v = -3*a + 591. Suppose 0 = 3*u + u - a. What is the highest common divisor of u and 8?
8
Let b(a) = a**3 + 19*a**2 - 2*a - 2. Let f be b(-16). What is the greatest common divisor of 21 and f?
21
Let i = 207 + -192. What is the highest common factor of 25 and i?
5
Suppose -70 = -4*b - 14. What is the highest common factor of b and 119?
7
Let j be (-10 - -1)*2/(-6). Suppose -j*m - w - 39 = 0, -5*m + 0*w = 2*w + 66. Let k be ((-54)/m)/((-3)/(-16)). What is the highest common divisor of k and 192?
24
Suppose -3*s = -0 - 81. Let z be 1479/(-15) - (-4)/(-10). Let a be 3/(98/z - -1). Calculate the greatest common divisor of s and a.
27
Suppose -5*y = 4*u - 1039, 2*u + 4*y - 517 = -y. Let m be u/12 - 6/8. Calculate the greatest common divisor of m and 7.
7
Let r = 66 + 18. Calculate the greatest common divisor of r and 48.
12
Let i be (-39)/(-9) + 4/6. Suppose -n + 21 = o, -i*o + n - 4*n = -103. Let h(s) = 2*s**2 - 2*s. Let r be h(2). Calculate the highest common divisor of o and r.
4
Suppose -4*h + 34 = 22. Let s = 160 - 98. Suppose -4*j + 34 = -s. Calculate the highest common divisor of j and h.
3
Let q be (-1 + 0)/((-4)/(-12)) - -93. Calculate the greatest common factor of q and 27.
9
Suppose -113 = 54*s - 57*s + 5*v, -2*s + v = -59. Suppose 0*z - z + 5*d + 187 = 0, 2*z - 2*d - 366 = 0. Calculate the highest common divisor of s and z.
26
Let k = -655 - -795. Calculate the highest common divisor of 1120 and k.
140
Suppose -2*q = -21 + 13. Calculate the greatest common factor of q and 5.
1
Let b(g) = g**3 - 40*g**2 + 112*g + 12. Let k be b(37). Calculate the greatest common factor of k and 637.
49
Let q be 63/(-14)*224/(-6). Calculate the greatest common divisor of 21 and q.
21
Suppose 184 = 18*t - 14*t. Calculate the highest common factor of t and 4.
2
Let b be -6 + (12/9 - 2)*-54. Calculate the greatest common factor of 1830 and b.
30
Let o(w) = 2*w + 8. Let x be o(21). Let s be ((-6)/18)/((-1)/15). Calculate the greatest common factor of x and s.
5
Suppose -33*l + 5440 = -16*l. What is the highest common divisor of 40 and l?
40
Suppose 0 = -d + 47 + 7. Let x be (4/3)/(-7 + 8)*d. What is the greatest common divisor of 8 and x?
8
Suppose -z + 12*z - 2*z = 0. Suppose z = -h + 5*b + 20, -3*b - 9 = -3*h + 39. What is the highest common divisor of 120 and h?
15
Let c(o) = o**3 + 19*o**2 + 23*o - 11. Let u be c(-17). Calculate the highest common factor of 66 and u.
22
Let k(l) = 24*l**2 + 2*l - 2. Let u be k(2). Let n(i) = 4*i**2 + 9*i + 5. Let g be n(-3). What is the greatest common divisor of g and u?
14
Let t = -1181 + 1424. What is the greatest common divisor of t and 54?
27
Suppose 20 = 6*h - 10. Calculate the greatest common divisor of 5 and h.
5
Let m = 710 - 708. What is the highest common factor of m and 106?
2
Suppose 138 = 15*j - 132. Calculate the greatest common divisor of 4 and j.
2
Suppose q = -2*q. Suppose 14*b - 17*b + 144 = q. What is the highest common divisor of b and 6?
6
Let r = 30 + -23. Suppose 2*j + r = -p - 0, 4*p - 5*j = 37. Suppose -3*v + 5 + 4 = 0, v = p*i - 45. Calculate the greatest common divisor of i and 8.
8
Let r = -1050 + 1373. What is the greatest common divisor of r and 34?
17
Let r be (-2)/10 + 610/50. Suppose n - 161 - 67 = 0. What is the greatest common divisor of r and n?
12
Suppose -2*r = -6, 2*s + 3*s + 5*r = 740. What is the greatest common divisor of s and 87?
29
Suppose -266 = -2*m - 2. What is the highest common divisor of 108 and m?
12
Suppose -5*z - 14 = 1. Let y be z/(-9) - (-8)/3. Suppose 0*r + 4 = r + 4*x, 0 = 2*r + y*x - 8. What is the highest common factor of 16 and r?
4
Let d(g) = -2*g**2 + 6*g + 9*g**2 + 6 + 0*g**2 + g**2. Let b be d(-5). What is the greatest common divisor of b and 16?
16
Suppose 72 = 3*n + n. Suppose -3*a + n*a = 2310. Calculate the greatest common divisor of a and 14.
14
Let f(m) = 21*m - 4. Let j be f(-11). Let x = -81 - j. Let l(t) = t**2 - 3*t - 4. Let n be l(6). What is the greatest common factor of x and n?
14
Suppose 48*j = 36*j + 120. What is the greatest common divisor of 10 and j?
10
Let n(i) = -i**2 + 15*i - 12. Let v be n(14). Let s be v - (2 + -35*1). Calculate the greatest common divisor of s and 5.
5
Let q = -205 - -269. What is the highest common factor of q and 4?
4
Let d(o) = -61*o**3 - o**2 - 2*o - 8. Let m be d(-2). What is the highest common divisor of m and 180?
60
Let z = -1375 - -1410. Let d(q) = -q. Let v be d(-7). What is the greatest common divisor of z and v?
7
Let i(r) = -r**3 - 11*r**2 - 15*r - 6. Let g be i(-10). Calculate the highest common divisor of 66 and g.
22
Suppose -1 = -2*d - 53. Let y be d/(3/(42/4)). Let j = y + 133. Calculate the highest common factor of 14 and j.
14
Let r be (-11)/33*(-372 + -3 - -3). What is the highest common divisor of 589 and r?
31
Let o = 1046 - 1042. What is the highest common factor of 124 and o?
4
Let l be ((-72)/45)/(4/(-50)). Let p = l + -8. Let m be (-1*p)/(27/(-450)). Calculate the greatest common factor of m and 25.
25
Let w = 530 - 369. Let u = -229 + w. Let t be (u/(-8))/((-4)/(-8)). What is the greatest common divisor of t and 136?
17
Let w(v) = 34*v + 125. Let u be w(-3). What is the highest common divisor of u and 437?
23
Suppose 6*t = 2*w + 2*t - 806, t + 1598 = 4*w. Calculate the highest common divisor of w and 76.
19
Let j be 2/(-2 + 8/3). Suppose -12 =